 - -90?
1685c
In base 16, what is -1a518 - -2?
-1a516
In base 8, what is -32462 + -36?
-32520
In base 10, what is 6 - -76925?
76931
In base 2, what is -11010001000010 - 1?
-11010001000011
In base 11, what is -a99 + -2?
-aa0
In base 2, what is -101 - 100000110?
-100001011
In base 13, what is -216c + b?
-2161
In base 6, what is 2 + 54433?
54435
In base 15, what is -5 - 8e8ac?
-8e8b2
In base 6, what is -42 + 10423343?
10423301
In base 10, what is -1 + 4534?
4533
In base 15, what is -25b - -1a?
-241
In base 12, what is -14552 - 4?
-14556
In base 7, what is 41 + 100450?
100521
In base 14, what is -54a - -3ac?
-17c
In base 5, what is -3 + 1014442?
1014434
In base 14, what is -9 - -6492?
6487
In base 8, what is 5 - -366431?
366436
In base 3, what is 2111012211 - 0?
2111012211
In base 14, what is -2 - 1b21?
-1b23
In base 9, what is -737 - -228?
-508
In base 16, what is be7c + -1?
be7b
In base 12, what is 1 + 4243?
4244
In base 3, what is 0 + -1121211001?
-1121211001
In base 14, what is -3 + 80c19?
80c16
In base 11, what is -1160 - -1566?
406
In base 6, what is 4 - 21313?
-21305
In base 4, what is 0 - 1201222002?
-1201222002
In base 13, what is 35 + 1a7?
20c
In base 12, what is -434 - 1b1?
-625
In base 6, what is -45135032 - 0?
-45135032
In base 10, what is 87253 + 17?
87270
In base 9, what is 134 - 223?
-78
In base 6, what is -305443 + 4?
-305435
In base 9, what is -87654 + -8?
-87663
In base 11, what is -255 - 71?
-316
In base 11, what is 1a8a - 106?
1984
In base 3, what is -120212121 - 10?
-120212201
In base 4, what is -11 - 10010322323?
-10010323000
In base 14, what is -493 + 3c4?
-ad
In base 10, what is 4 - 6717?
-6713
In base 8, what is -15 - 20275?
-20312
In base 11, what is -479 - -aa?
-37a
In base 2, what is 111100011010 - 0?
111100011010
In base 11, what is -3628a - 3?
-36292
In base 14, what is 1548 + -56?
14d2
In base 15, what is -3 - d38e2?
-d38e5
In base 14, what is -19 - -34b?
332
In base 2, what is 100 - 1101011101000?
-1101011100100
In base 4, what is -212031 - -200?
-211231
In base 9, what is -22171 + -62?
-22243
In base 4, what is 2 - 210033200?
-210033132
In base 9, what is 5 - -151683?
151688
In base 11, what is -4a + 7548?
74a9
In base 7, what is -1 - -4260461?
4260460
In base 10, what is 23 - -6444?
6467
In base 13, what is b6 + -227?
-141
In base 11, what is -a - 5aaa?
-6009
In base 12, what is 4ba - -31b6?
36b4
In base 10, what is -39 + 916?
877
In base 7, what is -2052 + 46?
-2003
In base 3, what is 102020001220 + -1?
102020001212
In base 12, what is -240ba + 3?
-240b7
In base 14, what is -1b02 + -3?
-1b05
In base 5, what is -2 + 43213214?
43213212
In base 13, what is 1 + -4168?
-4167
In base 15, what is 146d7b + 0?
146d7b
In base 15, what is 1de + -52?
18c
In base 15, what is -2a0 - -71?
-22e
In base 3, what is -12201020121 - 22?
-12201020220
In base 5, what is -13100 + -1430?
-20030
In base 7, what is 1 + 10506130?
10506131
In base 2, what is 101011110011101 - -11101?
101011110111010
In base 14, what is 14245 + -33?
14212
In base 15, what is -3 + -11367?
-1136a
In base 13, what is 50b + 31c?
82a
In base 16, what is -412 - 0?
-412
In base 12, what is 0 + -b080?
-b080
In base 12, what is -14aa20 - -3?
-14aa19
In base 7, what is 2020121 - 2?
2020116
In base 15, what is 953a - -1b?
9556
In base 2, what is -1 - -100100110101010100?
100100110101010011
In base 8, what is -22 - 115?
-137
In base 16, what is 4 - 286a2?
-2869e
In base 14, what is 1985 - -13?
1998
In base 10, what is -9 - 107260?
-107269
In base 13, what is 308 - 106?
202
In base 13, what is 38b98c + 5?
38b994
In base 10, what is 28 - -45341?
45369
In base 12, what is 5 - 218226?
-218221
In base 15, what is 3 + -2b2?
-2ae
In base 16, what is -319 - 24?
-33d
In base 4, what is 2 - 100120?
-100112
In base 8, what is 3753751 - -5?
3753756
In base 16, what is -b + 2e1?
2d6
In base 16, what is -112fc - 6?
-11302
In base 5, what is 10 - -33323303?
33323313
In base 7, what is 5 + -31535?
-31530
In base 5, what is 330414 + 1023?
331442
In base 2, what is 1111100100111 + 1101?
1111100110100
In base 10, what is -2240274 - 0?
-2240274
In base 13, what is 23c34 + -5?
23c2c
In base 14, what is 16 - 5181?
-5169
In base 11, what is -569557 + 1?
-569556
In base 15, what is -66 + 579e?
5738
In base 2, what is 10 + -10011011001100?
-10011011001010
In base 6, what is 1434504 + 3?
1434511
In base 14, what is -465 - -60?
-405
In base 11, what is 11 + -7555?
-7544
In base 15, what is -8e - -68?
-26
In base 6, what is -234053 - 5?
-234102
In base 16, what is 2aa41 + 2?
2aa43
In base 10, what is 7406886 - 2?
7406884
In base 3, what is -11210211101 + -1?
-11210211102
In base 14, what is 518 - 18?
500
In base 3, what is 11 + -10201202212?
-10201202201
In base 10, what is 15 - 125?
-110
In base 5, what is -3011 + 1333?
-1123
In base 5, what is -3 - -141011?
141003
In base 13, what is -2a05 + -1?
-2a06
In base 7, what is -125 + 2525?
2400
In base 10, what is 3776 + -2?
3774
In base 2, what is -110001110 + -11101110?
-1001111100
In base 9, what is -20 - -21546?
21526
In base 9, what is -1064 + 44?
-1020
In base 7, what is -2 + -120324?
-120326
In base 12, what is 8 + 2265?
2271
In base 12, what is 47210 - -1?
47211
In base 12, what is 12212 - b?
12203
In base 16, what is 2 - 99f7?
-99f5
In base 13, what is -3 - bc00?
-bc03
In base 5, what is -124110 + -13?
-124123
In base 2, what is 111011010 + -100?
111010110
In base 8, what is 2 + 2342550?
2342552
In base 11, what is 13a8 + 400?
17a8
In base 8, what is 11 - -46444?
46455
In base 14, what is 2a56c + -c?
2a560
In base 12, what is -93a - -356?
-5a4
In base 12, what is -6b8b + 15?
-6b76
In base 15, what is baaad + 2?
baab0
In base 10, what is 10 - 7490?
-7480
In base 5, what is -1 - -3333322?
3333321
In base 11, what is -7 - 104aa?
-10506
In base 7, what is -16452 - 6?
-16461
In base 2, what is 110111101101000000010 - 100?
110111101100111111110
In base 11, what is -2 - 90412?
-90414
In base 14, what is 7 + -23b?
-234
In base 9, what is 4306 - 34?
4262
In base 12, what is 5 - -241?
246
In base 13, what is -35296 - -2?
-35294
In base 5, what is 1430 + -3023?
-1043
In base 12, what is -3b + -911?
-950
In base 13, what is 1b0 - 378?
-198
In base 10, what is -1 - 5242?
-5243
In base 4, what is -21 + 33232032?
33232011
In base 12, what is 5 + -26871?
-26868
In base 13, what is -5 + 69c0a?
69c05
In base 10, what is 1849374 - 1?
1849373
In base 12, what is -1030a + 3?
-10307
In base 4, what is 113 + 1022023?
1022202
In base 11, what is 3 + 47131?
47134
In base 3, what is 2 - -111021222?
111022001
In base 16, what is 55da + -1?
55d9
In base 4, what is -10 - 312231?
-312301
In base 3, what is 1101122212 + 10?
1101122222
In base 8, what is 36363 - 401?
35762
In base 14, what is 2 + 5816?
5818
In base 3, what is -100220 + 10120?
-20100
In base 6, what is -1302553 - 34?
-1303031
In base 5, what is -113030 + 214?
-112311
In base 3, what is 11 - -210222?
211010
In base 2, what is -10000011011010011000 + -11?
-10000011011010011011
In base 11, what is 18161 - 129?
18033
In base 7, what is 6531 - 5?
6523
In base 8, what is -1133 - 563?
-1716
In base 16, what is 1 - 4631?
-4630
In base 7, what is -1 - -13555032?
13555031
In base 5, what is -1 + 23214312?
23214311
In base 10, what is 364 - -46?
410
In base 14, what is -588b + -b4?
-5961
In base 10, what is -964762 + -3?
-964765
In base 4, what is 10021 - 120020?
-103333
In base 4, what is 2031 - -10312?
13003
In base 4, what is 1201331 + -222?
1201103
In base 4, what is -32210 + 1023?
-31121
In base 10, what is -17890 - 17?
-17907
In base 6, what is 10 + -4321?
-4311
In base 2, what is -100011 + 1010111011001?
1010110110110
In base 10, what is 675 + -871?
-196
In base 7, what is -30 - -212621?
212561
In base 8, what is -6774 + 15?
-6757
In base 4, what is 102 - 13210313?
-13210211
In base 14, what is -7 - -24c3?
24ba
In base 13, what is 2469 + 184?
2620
In base 15, what is -687 + -36?
-6bd
In base 7, what is 3 - -210014?
210020
In base 15, what is e88 + 8b?
1024
In base 16, what is -c - -be2c?
be20
In base 7, what is 1461265 + 3?
1461301
In base 12, what is 178 + -17?
161
In base 7, what is 25 - -434?
462
In base 5, what is -13031002 - 3?
-13031010
In base 11, what is a - -36852?
36861
In base 16, what is 506e + 1